9b513
What is 3084908 (base 10) in base 6?
150041552
Convert -9139d (base 14) to base 5.
-42133330
222202110021 (base 3) to base 9
882407
85115 (base 11) to base 5
12431140
-1616161 (base 7) to base 6
-4440334
Convert -1094319 (base 10) to base 15.
-169399
Convert 201100001210200 (base 3) to base 12.
3536800
What is -13741718 (base 9) in base 4?
-122000212100
Convert 1010000101101110 (base 2) to base 7.
231325
Convert 8765 (base 13) to base 15.
58b2
What is 121170 (base 12) in base 16?
475a4
What is 323133301 (base 4) in base 8?
733761
b939c (base 16) to base 3
1102112201102
26248a (base 11) to base 3
202222210102
192b928 (base 14) to base 12
4219614
-11b6964 (base 13) to base 4
-111011120102
Convert -12360621 (base 7) to base 12.
-462549
What is a572 (base 11) in base 10?
13994
What is 422402 (base 11) in base 16?
a531a
-171346 (base 9) to base 2
-11001111000000110
311665 (base 9) to base 5
21404412
Convert -1000001000011110110101 (base 2) to base 3.
-11000022102000
Convert 42439 (base 12) to base 4.
111033231
41224224 (base 7) to base 11
1a48372
Convert -211606 (base 8) to base 5.
-4224114
What is -b98a2a (base 13) in base 14?
-8171b8
-1b4 (base 15) to base 4
-12022
Convert -29557 (base 11) to base 6.
-522040
Convert -23755321 (base 8) to base 7.
-62324420
Convert 32c73 (base 13) to base 15.
1c4b9
-1110101101010101 (base 2) to base 9
-101568
3bbb89 (base 12) to base 2
11110010111111011001
What is 32131102 (base 4) in base 12?
2a32a
What is 23251421 (base 9) in base 3?
210021201110201
Convert 2a0048 (base 11) to base 2.
1110010011001010100
Convert -30b30 (base 15) to base 8.
-455433
Convert 2741e0 (base 15) to base 13.
510c06
Convert 344333210 (base 5) to base 13.
42752b
Convert 31535 (base 10) to base 14.
b6c7
-1672156 (base 8) to base 16
-7746e
4430021 (base 6) to base 12
a8311
What is 1202403540 (base 6) in base 14?
1b306c4
Convert -4566306 (base 7) to base 3.
-1002000121100
Convert 22022232 (base 4) to base 3.
2010010110
What is -2121020112120 (base 3) in base 11?
-864829
5873 (base 11) to base 14
2b43
Convert 7e631 (base 15) to base 9.
673751
What is ab00 (base 13) in base 12?
11959
-3310026 (base 9) to base 5
-423344210
What is -421003120 (base 5) in base 13?
-489800
Convert 149377 (base 10) to base 5.
14240002
Convert 1100010101110000100010 (base 2) to base 5.
1312003400
882603 (base 10) to base 4
3113132223
-10036757 (base 9) to base 4
-102111233131
3161940 (base 12) to base 14
134d9ba
455577 (base 8) to base 3
21211221001
What is -11000000110101011101010 (base 2) in base 8?
-30065352
Convert -1255410 (base 12) to base 9.
-6681483
What is 205396 (base 14) in base 12?
446a08
2c5e0 (base 15) to base 13
50187
1201980 (base 13) to base 16
550a61
Convert 12840d (base 15) to base 4.
3120323122
-110010000001001000001 (base 2) to base 11
-a1a42a
What is 2325280 (base 9) in base 13?
350208
Convert -40869 (base 12) to base 5.
-10143202
What is -115c72c (base 14) in base 15?
-adc63a
2324323 (base 5) to base 11
299a3
What is 948db5 (base 14) in base 15?
692079
Convert a820 (base 13) to base 14.
871a
What is -459776 (base 10) in base 11?
-294489
Convert -13322110111 (base 4) to base 10.
-2073877
-61645 (base 14) to base 13
-82959
What is 120010222201 (base 3) in base 2?
1001000110010101001
What is 26a1d (base 14) in base 12?
47183
What is 101001111110110000 (base 2) in base 3?
22201212121
100100201020112 (base 3) to base 7
60164606
What is 429130 (base 12) in base 4?
10000331310
Convert -854c5e (base 15) to base 4.
-120030323132
What is -3402030322 (base 5) in base 10?
-7455087
5e25 (base 16) to base 11
17120
What is 232025432 (base 6) in base 10?
4296188
What is -2d107 (base 16) in base 3?
-100101012102
-133421322 (base 5) to base 10
-685837
What is 3405105 (base 6) in base 4?
222002201
Convert -23455552 (base 7) to base 6.
-112335251
e458 (base 16) to base 14
17436
What is 33103311 (base 5) in base 14?
75b31
10332431 (base 5) to base 13
31b02
572860 (base 9) to base 7
2626653
Convert -4663d3 (base 14) to base 9.
-4455757
Convert -18ac3 (base 16) to base 12.
-4a597
What is 192657 (base 10) in base 15?
3c13c
Convert 124102200 (base 5) to base 11.
389451
-147552 (base 12) to base 15
-6c1be
Convert 27133 (base 14) to base 13.
34a93
4020a (base 14) to base 11
a5830
-200111022222 (base 3) to base 8
-1306755
What is 31007 (base 8) in base 4?
3020013
-94631 (base 14) to base 4
-1113120303
Convert a3b06f (base 16) to base 13.
22b7a70
-782cb (base 15) to base 4
-1131101000
-1000111011011101110110 (base 2) to base 15
-313836
What is -9871b (base 13) in base 2?
-1000011010101111000
What is -157107 (base 8) in base 10?
-56903
What is 7cb005 (base 16) in base 2?
11111001011000000000101
Convert 128606 (base 12) to base 15.
60583
What is -2269170 (base 10) in base 6?
-120345230
What is -3587b (base 12) in base 14?
-1c3b9
Convert 363679 (base 14) to base 3.
10111011111112
1720a (base 11) to base 16
5e92
What is -20789 (base 10) in base 3?
-1001111222
What is -191a05 (base 12) in base 11?
-27a604
Convert a2846 (base 15) to base 9.
864233
Convert -19198b (base 14) to base 13.
-251380
What is -100000010100001010110101 (base 2) in base 4?
-200110022311
Convert 41231303 (base 5) to base 14.
8a885
Convert -629595 (base 11) to base 8.
-3661224
What is 5406236 (base 7) in base 3?
1020102010122
What is -7862620 (base 10) in base 5?
-4003100440
What is 11101110101001110 (base 2) in base 7?
1016145
Convert 2210243222 (base 5) to base 14.
8c4140
What is -71658 (base 15) in base 2?
-1010111101100001111
Convert 651129 (base 10) to base 12.
274989
What is 171525 (base 10) in base 4?
221320011
What is -1443741 (base 9) in base 3?
-1111110211101
341333123 (base 6) to base 12
21071a3
What is -31c3d1 (base 15) in base 14?
-459a65
-21042133 (base 5) to base 15
-36b48
What is 907351 (base 12) in base 11?
12a9023
Convert 42130434 (base 5) to base 12.
149a85
Convert -8420d (base 14) to base 6.
-10455301
What is 237108 (base 13) in base 7?
10113063
What is -111324323 (base 5) in base 2?
-1111000111111100100
Convert e5ead (base 16) to base 4.
3211322231
-85d1b (base 14) to base 8
-1170045
-870271 (base 11) to base 7
-14553010
-10102110202120 (base 3) to base 4
-12330113223
Convert -42458 (base 16) to base 14.
-70cd2
What is -182461 (base 10) in base 7?
-1356646
bb503 (base 15) to base 3
1010020100210
-134333321 (base 5) to base 16
-aab4b
What is 16570 (base 13) in base 5?
2331204
-28c4 (base 16) to base 13
-499a
1da72 (base 16) to base 11
83287
Convert 1214124142 (base 5) to base 14.
54d76a
-110203332012 (base 4) to base 14
-a04514
-111001100010001 (base 2) to base 13
-1053c
Convert 7194a (base 12) to base 13.
52618
231030213 (base 4) to base 9
311846
Convert 15834620 (base 9) to base 7.
124311030
Convert 2753a4 (base 11) to base 6.
13130413
What is -4b18c2 (base 13) in base 15?
-259385
4304bd (base 14) to base 5
1040024440
-10010101001101110 (base 2) to base 16
-12a6e
What is -102012221 (base 3) in base 11?
-6166
Convert 1100101101011000 (base 2) to base 8.
145530
-1505150 (base 9) to base 6
-25444413
Convert -139b1 (base 13) to base 4.
-20333101
20413300 (base 5) to base 6
3350121
What is -435101540 (base 6) in base 16?
-7703c4
Convert -14210420 (base 5) to base 2.
-100100000010011010
103646451 (base 7) to base 14
b82828
What is 4c9b7 (base 13) in base 5?
14023104
What is -1333102303 (base 4) in base 3?
-222111012221
352153320 (base 6) to base 8
30762660
Convert -702433 (base 11) to base 14.
-21600b
-29497a (base 12) to base 7
-5613133
What is 8e842 (base 16) in base 13?
175917
What is 421096 (base 11) in base 9?
1237733
-22010001021 (base 3) to base 4
-212333011
-5403126 (base 11) to base 4
-210100311213
5315523 (base 6) to base 14
6a64b
What is 3423125 (base 6) in base 3?
22212011222
Convert -121132121 (base 4) to base 7.
-613133
-6031618 (base 10) to base 11
-344a70a
What is 317c9 (base 15) in base 4?
212111112
What is 2c082 (base 14) in base 8?
326462
Convert 309a (base 15) to base 7.
41641
Convert 553025 (base 6) to base 9.
70118
What is 115251452 (base 6) in base 4?
20130311120
What is -1858a (base 13) in base 6?
-1002012
What is -5d94 (base 15) in base 14?
-73a3
Convert -176053 (base 8) to base 4.
-33300223
What is -35788 (base 14) in base 16?
-1fd9c
Convert 8079862 (base 